{"id":33,"date":"2015-11-09T12:22:30","date_gmt":"2015-11-09T12:22:30","guid":{"rendered":"http:\/\/dffukuda.com.br\/?page_id=33"},"modified":"2016-01-29T13:18:44","modified_gmt":"2016-01-29T13:18:44","slug":"sobre","status":"publish","type":"page","link":"https:\/\/dffukuda.com.br\/?page_id=33","title":{"rendered":"Sobre"},"content":{"rendered":"<p style=\"text-align: justify;\">Arquiteta formada pela UFPR em 1999 e T\u00e9cnica em Edifica\u00e7\u00f5es formada pelo CEFET-PR em 1993.\u00a0Trabalha em escrit\u00f3rios de Arquitetura em Curitiba desde 1992.<br \/>\nEm S\u00e3o Paulo desde 2003, trabalhou em escrit\u00f3rios como arquiteta assistente at\u00e9 2008, participando de diversos projetos nas \u00e1reas residencial, comercial e eventos. Atualmente desenvolve seus pr\u00f3prios projetos, com foco no gerenciamento de obras.<\/p>\n","protected":false},"excerpt":{"rendered":"<p>Arquiteta formada pela UFPR em 1999 e T\u00e9cnica em Edifica\u00e7\u00f5es formada pelo CEFET-PR em 1993.\u00a0Trabalha em escrit\u00f3rios de Arquitetura em Curitiba desde 1992. Em S\u00e3o Paulo desde 2003, trabalhou em escrit\u00f3rios como arquiteta assistente at\u00e9 2008, participando de diversos projetos nas \u00e1reas residencial, comercial e eventos. Atualmente desenvolve seus pr\u00f3prios projetos, com foco no gerenciamento<\/p>\n","protected":false},"author":1,"featured_media":0,"parent":0,"menu_order":0,"comment_status":"closed","ping_status":"closed","template":"","meta":{"footnotes":""},"class_list":["post-33","page","type-page","status-publish","hentry"],"_links":{"self":[{"href":"https:\/\/dffukuda.com.br\/index.php?rest_route=\/wp\/v2\/pages\/33","targetHints":{"allow":["GET"]}}],"collection":[{"href":"https:\/\/dffukuda.com.br\/index.php?rest_route=\/wp\/v2\/pages"}],"about":[{"href":"https:\/\/dffukuda.com.br\/index.php?rest_route=\/wp\/v2\/types\/page"}],"author":[{"embeddable":true,"href":"https:\/\/dffukuda.com.br\/index.php?rest_route=\/wp\/v2\/users\/1"}],"replies":[{"embeddable":true,"href":"https:\/\/dffukuda.com.br\/index.php?rest_route=%2Fwp%2Fv2%2Fcomments&post=33"}],"version-history":[{"count":5,"href":"https:\/\/dffukuda.com.br\/index.php?rest_route=\/wp\/v2\/pages\/33\/revisions"}],"predecessor-version":[{"id":642,"href":"https:\/\/dffukuda.com.br\/index.php?rest_route=\/wp\/v2\/pages\/33\/revisions\/642"}],"wp:attachment":[{"href":"https:\/\/dffukuda.com.br\/index.php?rest_route=%2Fwp%2Fv2%2Fmedia&parent=33"}],"curies":[{"name":"wp","href":"https:\/\/api.w.org\/{rel}","templated":true}]}}

<p style="text-align: justify;">Arquiteta formada pela UFPR em 1999 e Técnica em Edificações formada pelo CEFET-PR em 1993. Trabalha em escritórios de Arquitetura em Curitiba desde 1992.<br />
Em São Paulo desde 2003, trabalhou em escritórios como arquiteta assistente até 2008, participando de diversos projetos nas áreas residencial, comercial e eventos. Atualmente desenvolve seus próprios projetos, com foco no gerenciamento de obras.</p>

<p>Arquiteta formada pela UFPR em 1999 e Técnica em Edificações formada pelo CEFET-PR em 1993. Trabalha em escritórios de Arquitetura em Curitiba desde 1992. Em São Paulo desde 2003, trabalhou em escritórios como arquiteta assistente até 2008, participando de diversos projetos nas áreas residencial, comercial e eventos. Atualmente desenvolve seus próprios projetos, com foco no gerenciamento</p>
